{"id":1548,"date":"2024-04-05T14:36:57","date_gmt":"2024-04-05T19:36:57","guid":{"rendered":"https:\/\/www.contraloria.gob.pa\/observatorio-economico\/?page_id=1548"},"modified":"2026-04-02T11:48:08","modified_gmt":"2026-04-02T16:48:08","slug":"petroleo","status":"publish","type":"page","link":"https:\/\/www.contraloria.gob.pa\/observatorio-economico\/index.php\/petroleo\/","title":{"rendered":"Petr\u00f3leo"},"content":{"rendered":"\t\t<div data-elementor-type=\"wp-page\" data-elementor-id=\"1548\" class=\"elementor elementor-1548\" data-elementor-post-type=\"page\">\n\t\t\t\t<div class=\"elementor-element elementor-element-64b2663 e-flex e-con-boxed e-con e-parent\" data-id=\"64b2663\" data-element_type=\"container\" data-settings=\"{&quot;background_background&quot;:&quot;gradient&quot;}\">\n\t\t\t\t\t<div class=\"e-con-inner\">\n\t\t\t\t<div class=\"elementor-element elementor-element-bfe4a63 elementor-widget elementor-widget-text-editor\" data-id=\"bfe4a63\" data-element_type=\"widget\" data-widget_type=\"text-editor.default\">\n\t\t\t\t<div class=\"elementor-widget-container\">\n\t\t\t\t\t\t\t<p style=\"text-align: center;\"><span style=\"color: #4a4d4e;\"><span style=\"font-size: 32px; font-family: arial, helvetica, sans-serif;\">\u00a0PRECIO DE REFERENCIA INTERNACIONAL DEL BARRIL DE PETROLEO<\/span><\/span><\/p>\t\t\t\t\t\t<\/div>\n\t\t\t\t<\/div>\n\t\t\t\t\t<\/div>\n\t\t\t\t<\/div>\n\t\t<div class=\"elementor-element elementor-element-fb14373 e-con-full elementor-hidden-desktop elementor-hidden-laptop elementor-hidden-tablet elementor-hidden-mobile e-flex e-con e-parent\" data-id=\"fb14373\" data-element_type=\"container\">\n\t\t<div class=\"elementor-element elementor-element-c72fc5c e-con-full e-flex e-con e-child\" data-id=\"c72fc5c\" data-element_type=\"container\">\n\t\t\t\t<div class=\"elementor-element elementor-element-7a6fa28 elementor-widget__width-initial elementor-widget elementor-widget-text-editor\" data-id=\"7a6fa28\" data-element_type=\"widget\" data-widget_type=\"text-editor.default\">\n\t\t\t\t<div class=\"elementor-widget-container\">\n\t\t\t\t\t\t\t<p>En este indicador se observa el comportamiento hist\u00f3rico de los precios de referencia del barril del petr\u00f3leo en USD: Euro Brent Spot y WTI Spot (West Texas Intermediate). El primero es punto de referencia para el mercado en Europa, \u00c1frica y Oriente Medio, el segundo para el mercado de Estados Unidos.\u00a0 Este indicador es publicado mensualmente, contempla un set de gr\u00e1ficos y v\u00ednculos a la Base de Datos, para acceder a las series hist\u00f3ricas.<\/p>\t\t\t\t\t\t<\/div>\n\t\t\t\t<\/div>\n\t\t\t\t<\/div>\n\t\t\t\t<\/div>\n\t\t<div class=\"elementor-element elementor-element-47fb124 e-con-full e-flex e-con e-child\" data-id=\"47fb124\" data-element_type=\"container\">\n\t\t<div class=\"elementor-element elementor-element-2003a8d e-con-full e-flex e-con e-child\" data-id=\"2003a8d\" data-element_type=\"container\">\n\t\t\t\t<div class=\"elementor-element elementor-element-f352072 elementor-widget__width-initial elementor-hidden-desktop elementor-hidden-laptop elementor-hidden-tablet elementor-hidden-mobile elementor-widget elementor-widget-text-editor\" data-id=\"f352072\" data-element_type=\"widget\" data-widget_type=\"text-editor.default\">\n\t\t\t\t<div class=\"elementor-widget-container\">\n\t\t\t\t\t\t\t<h4><strong>Petr\u00f3leo<\/strong><\/h4>\t\t\t\t\t\t<\/div>\n\t\t\t\t<\/div>\n\t\t\t\t<\/div>\n\t\t<div class=\"elementor-element elementor-element-952c348 e-con-full e-flex e-con e-child\" data-id=\"952c348\" data-element_type=\"container\">\n\t\t\t\t<div class=\"elementor-element elementor-element-da99157 elementor-widget elementor-widget-image\" data-id=\"da99157\" data-element_type=\"widget\" data-widget_type=\"image.default\">\n\t\t\t\t<div class=\"elementor-widget-container\">\n\t\t\t\t\t\t\t\t\t\t\t\t\t\t<a href=\"https:\/\/www.contraloria.gob.pa\/observatorio-economico\/wp-content\/uploads\/2026\/04\/Petroleo-6.xlsx\" target=\"_blank\">\n\t\t\t\t\t\t\t<img fetchpriority=\"high\" decoding=\"async\" width=\"288\" height=\"286\" src=\"https:\/\/www.contraloria.gob.pa\/observatorio-economico\/wp-content\/uploads\/2025\/08\/excel-2013-1-4.png\" class=\"attachment-medium size-medium wp-image-5317\" alt=\"\" srcset=\"https:\/\/www.contraloria.gob.pa\/observatorio-economico\/wp-content\/uploads\/2025\/08\/excel-2013-1-4.png 288w, https:\/\/www.contraloria.gob.pa\/observatorio-economico\/wp-content\/uploads\/2025\/08\/excel-2013-1-4-150x150.png 150w\" sizes=\"(max-width: 288px) 100vw, 288px\" \/>\t\t\t\t\t\t\t\t<\/a>\n\t\t\t\t\t\t\t\t\t\t\t\t\t<\/div>\n\t\t\t\t<\/div>\n\t\t\t\t<\/div>\n\t\t\t\t<\/div>\n\t\t<div class=\"elementor-element elementor-element-d3052fe e-flex e-con-boxed e-con e-parent\" data-id=\"d3052fe\" data-element_type=\"container\">\n\t\t\t\t\t<div class=\"e-con-inner\">\n\t\t<div class=\"elementor-element elementor-element-10c6159 e-con-full e-flex e-con e-child\" data-id=\"10c6159\" data-element_type=\"container\">\n\t\t\t\t<div class=\"elementor-element elementor-element-fa6cfc5 elementor-widget__width-initial elementor-widget elementor-widget-html\" data-id=\"fa6cfc5\" data-element_type=\"widget\" data-widget_type=\"html.default\">\n\t\t\t\t<div class=\"elementor-widget-container\">\n\t\t\t<iframe title=\"OBI_Petroleo v2\" width=\"700\" height=\"700\" src=\"https:\/\/app.powerbi.com\/view?r=eyJrIjoiZmZhNGFhZGYtNWViZi00ZWI4LTg3NmUtYjcwNTY2MzcwOTg0IiwidCI6IjQ1NjA2NGY2LTY1ODEtNGZkNS1hMjI0LWY3ODQ0MjQyNDVjOSIsImMiOjF9\" frameborder=\"0\" allowFullScreen=\"true\"><\/iframe>\t\t<\/div>\n\t\t\t\t<\/div>\n\t\t\t\t<div class=\"elementor-element elementor-element-3c777be elementor-widget elementor-widget-spacer\" data-id=\"3c777be\" data-element_type=\"widget\" data-widget_type=\"spacer.default\">\n\t\t\t\t<div class=\"elementor-widget-container\">\n\t\t\t\t\t<div class=\"elementor-spacer\">\n\t\t\t<div class=\"elementor-spacer-inner\"><\/div>\n\t\t<\/div>\n\t\t\t\t<\/div>\n\t\t\t\t<\/div>\n\t\t\t\t<\/div>\n\t\t\t\t\t<\/div>\n\t\t\t\t<\/div>\n\t\t<div class=\"elementor-element elementor-element-6d44a1d e-flex e-con-boxed e-con e-parent\" data-id=\"6d44a1d\" data-element_type=\"container\">\n\t\t\t\t\t<div class=\"e-con-inner\">\n\t\t<div class=\"elementor-element elementor-element-4375fb4 e-con-full e-flex e-con e-child\" data-id=\"4375fb4\" data-element_type=\"container\">\n\t\t\t\t<div class=\"elementor-element elementor-element-8d69363 elementor-widget elementor-widget-text-editor\" data-id=\"8d69363\" data-element_type=\"widget\" data-widget_type=\"text-editor.default\">\n\t\t\t\t<div class=\"elementor-widget-container\">\n\t\t\t\t\t\t\t<h5 style=\"text-align: left;\"><strong>Fuente: Informaci\u00f3n obtenida de la Administraci\u00f3n Energ\u00e9tica de Estados Unidos. Los datos se brindan con car\u00e1cter informativo y sin ninguna responsabilidad para la Contralor\u00eda General de la Rep\u00fablica.<\/strong><\/h5>\t\t\t\t\t\t<\/div>\n\t\t\t\t<\/div>\n\t\t\t\t<\/div>\n\t\t\t\t\t<\/div>\n\t\t\t\t<\/div>\n\t\t<div class=\"elementor-element elementor-element-6523189 e-flex e-con-boxed e-con e-parent\" data-id=\"6523189\" data-element_type=\"container\">\n\t\t\t\t\t<div class=\"e-con-inner\">\n\t\t\t\t<div class=\"elementor-element elementor-element-e59926b elementor-widget elementor-widget-n-accordion\" data-id=\"e59926b\" data-element_type=\"widget\" data-settings=\"{&quot;default_state&quot;:&quot;all_collapsed&quot;,&quot;max_items_expended&quot;:&quot;one&quot;,&quot;n_accordion_animation_duration&quot;:{&quot;unit&quot;:&quot;ms&quot;,&quot;size&quot;:400,&quot;sizes&quot;:[]}}\" data-widget_type=\"nested-accordion.default\">\n\t\t\t\t<div class=\"elementor-widget-container\">\n\t\t\t\t\t<div class=\"e-n-accordion\" aria-label=\"Accordion. Open links with Enter or Space, close with Escape, and navigate with Arrow Keys\">\n\t\t\t\t\t\t<details id=\"e-n-accordion-item-2400\" class=\"e-n-accordion-item\" >\n\t\t\t\t<summary class=\"e-n-accordion-item-title\" data-accordion-index=\"1\" tabindex=\"0\" aria-expanded=\"false\" aria-controls=\"e-n-accordion-item-2400\" >\n\t\t\t\t\t<span class='e-n-accordion-item-title-header'><div class=\"e-n-accordion-item-title-text\"> \u00bfQu\u00e9 significa el comportamiento hist\u00f3rico de los precios de referencia del barril de petr\u00f3leo? <\/div><\/span>\n\t\t\t\t\t\t\t<span class='e-n-accordion-item-title-icon'>\n\t\t\t<span class='e-opened' ><svg aria-hidden=\"true\" class=\"e-font-icon-svg e-fas-minus\" viewBox=\"0 0 448 512\" xmlns=\"http:\/\/www.w3.org\/2000\/svg\"><path d=\"M416 208H32c-17.67 0-32 14.33-32 32v32c0 17.67 14.33 32 32 32h384c17.67 0 32-14.33 32-32v-32c0-17.67-14.33-32-32-32z\"><\/path><\/svg><\/span>\n\t\t\t<span class='e-closed'><svg aria-hidden=\"true\" class=\"e-font-icon-svg e-fas-plus\" viewBox=\"0 0 448 512\" xmlns=\"http:\/\/www.w3.org\/2000\/svg\"><path d=\"M416 208H272V64c0-17.67-14.33-32-32-32h-32c-17.67 0-32 14.33-32 32v144H32c-17.67 0-32 14.33-32 32v32c0 17.67 14.33 32 32 32h144v144c0 17.67 14.33 32 32 32h32c17.67 0 32-14.33 32-32V304h144c17.67 0 32-14.33 32-32v-32c0-17.67-14.33-32-32-32z\"><\/path><\/svg><\/span>\n\t\t<\/span>\n\n\t\t\t\t\t\t<\/summary>\n\t\t\t\t<div role=\"region\" aria-labelledby=\"e-n-accordion-item-2400\" class=\"elementor-element elementor-element-62b5d7c e-con-full e-flex e-con e-child\" data-id=\"62b5d7c\" data-element_type=\"container\">\n\t\t<div role=\"region\" aria-labelledby=\"e-n-accordion-item-2400\" class=\"elementor-element elementor-element-d82c72b e-flex e-con-boxed e-con e-child\" data-id=\"d82c72b\" data-element_type=\"container\">\n\t\t\t\t\t<div class=\"e-con-inner\">\n\t\t\t\t<div class=\"elementor-element elementor-element-6e2b9fa elementor-widget elementor-widget-text-editor\" data-id=\"6e2b9fa\" data-element_type=\"widget\" data-widget_type=\"text-editor.default\">\n\t\t\t\t<div class=\"elementor-widget-container\">\n\t\t\t\t\t\t\t<p>Se refiere al an\u00e1lisis de c\u00f3mo han variado, a lo largo del tiempo, los precios internacionales del barril de petr\u00f3leo, medidos en d\u00f3lares estadounidenses (USD), utilizando dos est\u00e1ndares clave:<\/p><ol><li><strong> Euro Brent \u00a0Spot (BrentCrude):<\/strong><\/li><\/ol><ul><li>Es el precio de referencia del petr\u00f3leo para los mercados de\u00a0<strong>Europa, \u00c1frica y Oriente Medio<\/strong>.<\/li><li>El Brent proviene principalmente del Mar del Norte.<\/li><li>Se utiliza como base para fijar el precio de m\u00e1s de dos tercios del petr\u00f3leo negociado a nivel mundial.<\/li><li>Su cotizaci\u00f3n refleja la oferta, la demanda, tensiones geopol\u00edticas y condiciones del mercado en esas regiones.<\/li><\/ul><ol start=\"2\"><li><strong> WTI Spot (West Texas Intermediate):<\/strong><\/li><\/ol><ul><li>Es el precio de referencia del petr\u00f3leo para el mercado de\u00a0<strong>Estados Unidos<\/strong>.<\/li><li>Se produce principalmente en Texas y se cotiza en Cushing, Oklahoma.<\/li><\/ul><p style=\"text-align: justify;\">Tiene una calidad ligeramente superior al Brent, lo que a veces lo hace m\u00e1s caro, aunque esto var\u00eda seg\u00fan las condiciones del mercado.<\/p>\t\t\t\t\t\t<\/div>\n\t\t\t\t<\/div>\n\t\t\t\t\t<\/div>\n\t\t\t\t<\/div>\n\t\t\t\t<\/div>\n\t\t\t\t\t<\/details>\n\t\t\t\t\t<\/div>\n\t\t\t\t<\/div>\n\t\t\t\t<\/div>\n\t\t\t\t\t<\/div>\n\t\t\t\t<\/div>\n\t\t<div class=\"elementor-element elementor-element-6c79a2d e-flex e-con-boxed e-con e-parent\" data-id=\"6c79a2d\" data-element_type=\"container\">\n\t\t\t\t\t<div class=\"e-con-inner\">\n\t\t\t\t<div class=\"elementor-element elementor-element-32604e0 elementor-widget elementor-widget-button\" data-id=\"32604e0\" data-element_type=\"widget\" data-widget_type=\"button.default\">\n\t\t\t\t<div class=\"elementor-widget-container\">\n\t\t\t\t\t\t\t\t<a class=\"elementor-button elementor-button-link elementor-size-sm\" href=\"https:\/\/www.contraloria.gob.pa\/observatorio-economico\/index.php\/indicadores-economicos\/\">\n\t\t\t\t\t\t<span class=\"elementor-button-content-wrapper\">\n\t\t\t\t\t\t<span class=\"elementor-button-icon\">\n\t\t\t\t<svg aria-hidden=\"true\" class=\"e-font-icon-svg e-far-arrow-alt-circle-left\" viewBox=\"0 0 512 512\" xmlns=\"http:\/\/www.w3.org\/2000\/svg\"><path d=\"M8 256c0 137 111 248 248 248s248-111 248-248S393 8 256 8 8 119 8 256zm448 0c0 110.5-89.5 200-200 200S56 366.5 56 256 145.5 56 256 56s200 89.5 200 200zm-72-20v40c0 6.6-5.4 12-12 12H256v67c0 10.7-12.9 16-20.5 8.5l-99-99c-4.7-4.7-4.7-12.3 0-17l99-99c7.6-7.6 20.5-2.2 20.5 8.5v67h116c6.6 0 12 5.4 12 12z\"><\/path><\/svg>\t\t\t<\/span>\n\t\t\t\t\t\t\t\t\t<span class=\"elementor-button-text\">Regresar<\/span>\n\t\t\t\t\t<\/span>\n\t\t\t\t\t<\/a>\n\t\t\t\t\t\t<\/div>\n\t\t\t\t<\/div>\n\t\t\t\t\t<\/div>\n\t\t\t\t<\/div>\n\t\t\t\t<\/div>\n\t\t","protected":false},"excerpt":{"rendered":"<p>\u00a0PRECIO DE REFERENCIA INTERNACIONAL DEL BARRIL DE PETROLEO En este indicador se observa el comportamiento hist\u00f3rico de los precios de referencia del barril del petr\u00f3leo en USD: Euro Brent Spot y WTI Spot (West Texas Intermediate). El primero es punto de referencia para el mercado en Europa, \u00c1frica y Oriente Medio, el segundo para el&#8230;<\/p>\n","protected":false},"author":1,"featured_media":0,"parent":0,"menu_order":0,"comment_status":"closed","ping_status":"closed","template":"","meta":{"_kadence_starter_templates_imported_post":false,"_kad_post_transparent":"","_kad_post_title":"hide","_kad_post_layout":"fullwidth","_kad_post_sidebar_id":"","_kad_post_content_style":"unboxed","_kad_post_vertical_padding":"hide","_kad_post_feature":"hide","_kad_post_feature_position":"","_kad_post_header":false,"_kad_post_footer":false,"footnotes":""},"class_list":["post-1548","page","type-page","status-publish","hentry"],"_links":{"self":[{"href":"https:\/\/www.contraloria.gob.pa\/observatorio-economico\/index.php\/wp-json\/wp\/v2\/pages\/1548","targetHints":{"allow":["GET"]}}],"collection":[{"href":"https:\/\/www.contraloria.gob.pa\/observatorio-economico\/index.php\/wp-json\/wp\/v2\/pages"}],"about":[{"href":"https:\/\/www.contraloria.gob.pa\/observatorio-economico\/index.php\/wp-json\/wp\/v2\/types\/page"}],"author":[{"embeddable":true,"href":"https:\/\/www.contraloria.gob.pa\/observatorio-economico\/index.php\/wp-json\/wp\/v2\/users\/1"}],"replies":[{"embeddable":true,"href":"https:\/\/www.contraloria.gob.pa\/observatorio-economico\/index.php\/wp-json\/wp\/v2\/comments?post=1548"}],"version-history":[{"count":303,"href":"https:\/\/www.contraloria.gob.pa\/observatorio-economico\/index.php\/wp-json\/wp\/v2\/pages\/1548\/revisions"}],"predecessor-version":[{"id":6696,"href":"https:\/\/www.contraloria.gob.pa\/observatorio-economico\/index.php\/wp-json\/wp\/v2\/pages\/1548\/revisions\/6696"}],"wp:attachment":[{"href":"https:\/\/www.contraloria.gob.pa\/observatorio-economico\/index.php\/wp-json\/wp\/v2\/media?parent=1548"}],"curies":[{"name":"wp","href":"https:\/\/api.w.org\/{rel}","templated":true}]}}