{"id":1588,"date":"2024-04-05T15:44:24","date_gmt":"2024-04-05T20:44:24","guid":{"rendered":"https:\/\/www.contraloria.gob.pa\/observatorio-economico\/?page_id=1588"},"modified":"2026-04-16T09:44:31","modified_gmt":"2026-04-16T14:44:31","slug":"gasolina","status":"publish","type":"page","link":"https:\/\/www.contraloria.gob.pa\/observatorio-economico\/index.php\/gasolina\/","title":{"rendered":"Gasolina"},"content":{"rendered":"\t\t<div data-elementor-type=\"wp-page\" data-elementor-id=\"1588\" class=\"elementor elementor-1588\" data-elementor-post-type=\"page\">\n\t\t\t\t<div class=\"elementor-element elementor-element-c937338 e-flex e-con-boxed e-con e-parent\" data-id=\"c937338\" data-element_type=\"container\" data-settings=\"{&quot;background_background&quot;:&quot;gradient&quot;}\">\n\t\t\t\t\t<div class=\"e-con-inner\">\n\t\t\t\t<div class=\"elementor-element elementor-element-666bcde elementor-widget elementor-widget-text-editor\" data-id=\"666bcde\" data-element_type=\"widget\" data-widget_type=\"text-editor.default\">\n\t\t\t\t<div class=\"elementor-widget-container\">\n\t\t\t\t\t\t\t<p style=\"text-align: center;\"><span style=\"color: #4a4d4e;\"><span style=\"font-size: 32px; font-family: arial, helvetica, sans-serif;\">\u00a0PRECIO DE REFERENCIA NACIONAL DE LA GASOLINA<\/span><\/span><\/p>\t\t\t\t\t\t<\/div>\n\t\t\t\t<\/div>\n\t\t\t\t\t<\/div>\n\t\t\t\t<\/div>\n\t\t<div class=\"elementor-element elementor-element-5ec555c e-con-full elementor-hidden-desktop elementor-hidden-laptop elementor-hidden-tablet elementor-hidden-mobile e-flex e-con e-parent\" data-id=\"5ec555c\" data-element_type=\"container\">\n\t\t<div class=\"elementor-element elementor-element-9203fe2 e-con-full e-flex e-con e-child\" data-id=\"9203fe2\" data-element_type=\"container\">\n\t\t\t\t<div class=\"elementor-element elementor-element-c1daf61 elementor-widget__width-initial elementor-widget elementor-widget-text-editor\" data-id=\"c1daf61\" data-element_type=\"widget\" data-widget_type=\"text-editor.default\">\n\t\t\t\t<div class=\"elementor-widget-container\">\n\t\t\t\t\t\t\t<p>En este indicador se observa el comportamiento hist\u00f3rico del precio promedio del combustible de las principales estaciones de gasolina de la Ciudad de Panam\u00e1 (gasolina de 91,95 octanos y di\u00e9sel). Este indicador es publicado mensualmente, contempla un set de gr\u00e1ficos y v\u00ednculos a la base de datos, para acceder a las series hist\u00f3ricas.<\/p>\t\t\t\t\t\t<\/div>\n\t\t\t\t<\/div>\n\t\t\t\t<\/div>\n\t\t\t\t<\/div>\n\t\t<div class=\"elementor-element elementor-element-c361d60 e-con-full e-flex e-con e-child\" data-id=\"c361d60\" data-element_type=\"container\">\n\t\t<div class=\"elementor-element elementor-element-24f9ace e-con-full e-flex e-con e-child\" data-id=\"24f9ace\" data-element_type=\"container\">\n\t\t\t\t<div class=\"elementor-element elementor-element-1d107df elementor-widget__width-initial elementor-hidden-desktop elementor-hidden-laptop elementor-hidden-tablet elementor-hidden-mobile elementor-widget elementor-widget-text-editor\" data-id=\"1d107df\" data-element_type=\"widget\" data-widget_type=\"text-editor.default\">\n\t\t\t\t<div class=\"elementor-widget-container\">\n\t\t\t\t\t\t\t<h4><strong>Gasolina<\/strong><\/h4>\t\t\t\t\t\t<\/div>\n\t\t\t\t<\/div>\n\t\t\t\t<\/div>\n\t\t<div class=\"elementor-element elementor-element-de42ccd e-con-full e-flex e-con e-child\" data-id=\"de42ccd\" data-element_type=\"container\">\n\t\t\t\t<div class=\"elementor-element elementor-element-739cfa0 elementor-widget elementor-widget-image\" data-id=\"739cfa0\" data-element_type=\"widget\" data-widget_type=\"image.default\">\n\t\t\t\t<div class=\"elementor-widget-container\">\n\t\t\t\t\t\t\t\t\t\t\t\t\t\t<a href=\"https:\/\/www.contraloria.gob.pa\/observatorio-economico\/wp-content\/uploads\/2026\/04\/Gasolina-8.xlsx\" target=\"_blank\">\n\t\t\t\t\t\t\t<img fetchpriority=\"high\" decoding=\"async\" width=\"288\" height=\"286\" src=\"https:\/\/www.contraloria.gob.pa\/observatorio-economico\/wp-content\/uploads\/2025\/08\/excel-2013-1-4.png\" class=\"attachment-medium size-medium wp-image-5317\" alt=\"\" srcset=\"https:\/\/www.contraloria.gob.pa\/observatorio-economico\/wp-content\/uploads\/2025\/08\/excel-2013-1-4.png 288w, https:\/\/www.contraloria.gob.pa\/observatorio-economico\/wp-content\/uploads\/2025\/08\/excel-2013-1-4-150x150.png 150w\" sizes=\"(max-width: 288px) 100vw, 288px\" \/>\t\t\t\t\t\t\t\t<\/a>\n\t\t\t\t\t\t\t\t\t\t\t\t\t<\/div>\n\t\t\t\t<\/div>\n\t\t\t\t<\/div>\n\t\t\t\t<\/div>\n\t\t<div class=\"elementor-element elementor-element-b194361 e-flex e-con-boxed e-con e-parent\" data-id=\"b194361\" data-element_type=\"container\">\n\t\t\t\t\t<div class=\"e-con-inner\">\n\t\t<div class=\"elementor-element elementor-element-781ea05 e-con-full e-flex e-con e-child\" data-id=\"781ea05\" data-element_type=\"container\">\n\t\t\t\t<div class=\"elementor-element elementor-element-932550d elementor-widget__width-initial elementor-widget elementor-widget-html\" data-id=\"932550d\" data-element_type=\"widget\" data-widget_type=\"html.default\">\n\t\t\t\t<div class=\"elementor-widget-container\">\n\t\t\t<iframe title=\"Combustible v2\" width=\"700\" height=\"700\" src=\"https:\/\/app.powerbi.com\/view?r=eyJrIjoiMzdkZjdiMTAtM2YxNC00ZmNhLWE0M2ItOWUyYzQ0ZDg3YjM2IiwidCI6IjQ1NjA2NGY2LTY1ODEtNGZkNS1hMjI0LWY3ODQ0MjQyNDVjOSIsImMiOjF9\" frameborder=\"0\" allowFullScreen=\"true\"><\/iframe>\t\t<\/div>\n\t\t\t\t<\/div>\n\t\t\t\t<\/div>\n\t\t\t\t\t<\/div>\n\t\t\t\t<\/div>\n\t\t<div class=\"elementor-element elementor-element-54a043c e-flex e-con-boxed e-con e-parent\" data-id=\"54a043c\" data-element_type=\"container\">\n\t\t\t\t\t<div class=\"e-con-inner\">\n\t\t<div class=\"elementor-element elementor-element-4eb41a5 e-con-full e-flex e-con e-child\" data-id=\"4eb41a5\" data-element_type=\"container\">\n\t\t\t\t<div class=\"elementor-element elementor-element-2be7b4a elementor-widget elementor-widget-text-editor\" data-id=\"2be7b4a\" data-element_type=\"widget\" data-widget_type=\"text-editor.default\">\n\t\t\t\t<div class=\"elementor-widget-container\">\n\t\t\t\t\t\t\t<h5 style=\"font-family: Poppins, sans-serif;\"><strong>Fuente: Secretar\u00eda de Energ\u00eda de Panam\u00e1<\/strong><\/h5>\t\t\t\t\t\t<\/div>\n\t\t\t\t<\/div>\n\t\t\t\t<\/div>\n\t\t\t\t\t<\/div>\n\t\t\t\t<\/div>\n\t\t<div class=\"elementor-element elementor-element-7348117 e-flex e-con-boxed e-con e-parent\" data-id=\"7348117\" data-element_type=\"container\">\n\t\t\t\t\t<div class=\"e-con-inner\">\n\t\t\t\t<div class=\"elementor-element elementor-element-47e5092 elementor-widget elementor-widget-n-accordion\" data-id=\"47e5092\" data-element_type=\"widget\" data-settings=\"{&quot;default_state&quot;:&quot;all_collapsed&quot;,&quot;max_items_expended&quot;:&quot;one&quot;,&quot;n_accordion_animation_duration&quot;:{&quot;unit&quot;:&quot;ms&quot;,&quot;size&quot;:400,&quot;sizes&quot;:[]}}\" data-widget_type=\"nested-accordion.default\">\n\t\t\t\t<div class=\"elementor-widget-container\">\n\t\t\t\t\t<div class=\"e-n-accordion\" aria-label=\"Accordion. Open links with Enter or Space, close with Escape, and navigate with Arrow Keys\">\n\t\t\t\t\t\t<details id=\"e-n-accordion-item-7530\" class=\"e-n-accordion-item\" >\n\t\t\t\t<summary class=\"e-n-accordion-item-title\" data-accordion-index=\"1\" tabindex=\"0\" aria-expanded=\"false\" aria-controls=\"e-n-accordion-item-7530\" >\n\t\t\t\t\t<span class='e-n-accordion-item-title-header'><div class=\"e-n-accordion-item-title-text\"> \u00bfQu\u00e9 significa \u201ccomportamiento hist\u00f3rico del precio promedio del combustible? <\/div><\/span>\n\t\t\t\t\t\t\t<span class='e-n-accordion-item-title-icon'>\n\t\t\t<span class='e-opened' ><svg aria-hidden=\"true\" class=\"e-font-icon-svg e-fas-minus\" viewBox=\"0 0 448 512\" xmlns=\"http:\/\/www.w3.org\/2000\/svg\"><path d=\"M416 208H32c-17.67 0-32 14.33-32 32v32c0 17.67 14.33 32 32 32h384c17.67 0 32-14.33 32-32v-32c0-17.67-14.33-32-32-32z\"><\/path><\/svg><\/span>\n\t\t\t<span class='e-closed'><svg aria-hidden=\"true\" class=\"e-font-icon-svg e-fas-plus\" viewBox=\"0 0 448 512\" xmlns=\"http:\/\/www.w3.org\/2000\/svg\"><path d=\"M416 208H272V64c0-17.67-14.33-32-32-32h-32c-17.67 0-32 14.33-32 32v144H32c-17.67 0-32 14.33-32 32v32c0 17.67 14.33 32 32 32h144v144c0 17.67 14.33 32 32 32h32c17.67 0 32-14.33 32-32V304h144c17.67 0 32-14.33 32-32v-32c0-17.67-14.33-32-32-32z\"><\/path><\/svg><\/span>\n\t\t<\/span>\n\n\t\t\t\t\t\t<\/summary>\n\t\t\t\t<div role=\"region\" aria-labelledby=\"e-n-accordion-item-7530\" class=\"elementor-element elementor-element-06a5486 e-con-full e-flex e-con e-child\" data-id=\"06a5486\" data-element_type=\"container\">\n\t\t<div role=\"region\" aria-labelledby=\"e-n-accordion-item-7530\" class=\"elementor-element elementor-element-9d006bb e-flex e-con-boxed e-con e-child\" data-id=\"9d006bb\" data-element_type=\"container\">\n\t\t\t\t\t<div class=\"e-con-inner\">\n\t\t\t\t<div class=\"elementor-element elementor-element-0c17292 elementor-widget elementor-widget-text-editor\" data-id=\"0c17292\" data-element_type=\"widget\" data-widget_type=\"text-editor.default\">\n\t\t\t\t<div class=\"elementor-widget-container\">\n\t\t\t\t\t\t\t<p>Se trata del registro y an\u00e1lisis de la evoluci\u00f3n de los precios, en d\u00f3lares por litro, de los siguientes tipos de combustible vendidos en las estaciones de gasolina m\u00e1s representativas de la Ciudad de Panam\u00e1:<\/p><p><strong>Gasolina de 91 octanos:<\/strong><\/p><ul><li>Tambi\u00e9n conocida como gasolina regular o de bajo octanaje.<\/li><li>Es m\u00e1s econ\u00f3mica que la de 95 octanos y se usa com\u00fanmente en veh\u00edculos est\u00e1ndar.<\/li><\/ul><p><strong>Gasolina de 95 octanos:<\/strong><\/p><ul><li>Conocida como gasolina s\u00faper o de alto octanaje.<\/li><li>Utilizada en veh\u00edculos con motores de alto rendimiento.<\/li><\/ul><p><strong>Di\u00e9sel:<\/strong><\/p><ul><li>Usado principalmente en veh\u00edculos pesados, transporte p\u00fablico, camiones, y maquinaria.<\/li><li>Su precio suele fluctuar de manera distinta al de la gasolina, porque tiene una demanda diferente.<\/li><\/ul><p><strong>\u00bfPara qu\u00e9 sirve analizar este comportamiento hist\u00f3rico?<\/strong><\/p><p>Para identificar tendencias de aumento o disminuci\u00f3n de precios a lo largo del tiempo. Ayuda a consumidores, empresas y gobierno a tomar decisiones informadas sobre:<\/p><ul><li>Costos de transporte<\/li><li>Presupuestos familiares<\/li><li>Pol\u00edticas de subsidios o regulaci\u00f3n de precios<\/li><\/ul><p>Permite evaluar c\u00f3mo factores externos (como el precio internacional del petr\u00f3leo, conflictos geopol\u00edticos o cambios en impuestos) afectan el mercado local.<\/p>\t\t\t\t\t\t<\/div>\n\t\t\t\t<\/div>\n\t\t\t\t\t<\/div>\n\t\t\t\t<\/div>\n\t\t\t\t<\/div>\n\t\t\t\t\t<\/details>\n\t\t\t\t\t<\/div>\n\t\t\t\t<\/div>\n\t\t\t\t<\/div>\n\t\t\t\t\t<\/div>\n\t\t\t\t<\/div>\n\t\t<div class=\"elementor-element elementor-element-9bf667f e-flex e-con-boxed e-con e-parent\" data-id=\"9bf667f\" data-element_type=\"container\">\n\t\t\t\t\t<div class=\"e-con-inner\">\n\t\t\t\t<div class=\"elementor-element elementor-element-f350e30 elementor-widget elementor-widget-button\" data-id=\"f350e30\" data-element_type=\"widget\" data-widget_type=\"button.default\">\n\t\t\t\t<div class=\"elementor-widget-container\">\n\t\t\t\t\t\t\t\t<a class=\"elementor-button elementor-button-link elementor-size-sm\" href=\"https:\/\/www.contraloria.gob.pa\/observatorio-economico\/index.php\/indicadores-economicos\/\">\n\t\t\t\t\t\t<span class=\"elementor-button-content-wrapper\">\n\t\t\t\t\t\t<span class=\"elementor-button-icon\">\n\t\t\t\t<svg aria-hidden=\"true\" class=\"e-font-icon-svg e-far-arrow-alt-circle-left\" viewBox=\"0 0 512 512\" xmlns=\"http:\/\/www.w3.org\/2000\/svg\"><path d=\"M8 256c0 137 111 248 248 248s248-111 248-248S393 8 256 8 8 119 8 256zm448 0c0 110.5-89.5 200-200 200S56 366.5 56 256 145.5 56 256 56s200 89.5 200 200zm-72-20v40c0 6.6-5.4 12-12 12H256v67c0 10.7-12.9 16-20.5 8.5l-99-99c-4.7-4.7-4.7-12.3 0-17l99-99c7.6-7.6 20.5-2.2 20.5 8.5v67h116c6.6 0 12 5.4 12 12z\"><\/path><\/svg>\t\t\t<\/span>\n\t\t\t\t\t\t\t\t\t<span class=\"elementor-button-text\">Regresar<\/span>\n\t\t\t\t\t<\/span>\n\t\t\t\t\t<\/a>\n\t\t\t\t\t\t<\/div>\n\t\t\t\t<\/div>\n\t\t\t\t\t<\/div>\n\t\t\t\t<\/div>\n\t\t\t\t<\/div>\n\t\t","protected":false},"excerpt":{"rendered":"<p>\u00a0PRECIO DE REFERENCIA NACIONAL DE LA GASOLINA En este indicador se observa el comportamiento hist\u00f3rico del precio promedio del combustible de las principales estaciones de gasolina de la Ciudad de Panam\u00e1 (gasolina de 91,95 octanos y di\u00e9sel). Este indicador es publicado mensualmente, contempla un set de gr\u00e1ficos y v\u00ednculos a la base de datos, para&#8230;<\/p>\n","protected":false},"author":1,"featured_media":0,"parent":0,"menu_order":0,"comment_status":"closed","ping_status":"closed","template":"","meta":{"_kadence_starter_templates_imported_post":false,"_kad_post_transparent":"","_kad_post_title":"hide","_kad_post_layout":"fullwidth","_kad_post_sidebar_id":"","_kad_post_content_style":"unboxed","_kad_post_vertical_padding":"hide","_kad_post_feature":"hide","_kad_post_feature_position":"","_kad_post_header":false,"_kad_post_footer":false,"footnotes":""},"class_list":["post-1588","page","type-page","status-publish","hentry"],"_links":{"self":[{"href":"https:\/\/www.contraloria.gob.pa\/observatorio-economico\/index.php\/wp-json\/wp\/v2\/pages\/1588","targetHints":{"allow":["GET"]}}],"collection":[{"href":"https:\/\/www.contraloria.gob.pa\/observatorio-economico\/index.php\/wp-json\/wp\/v2\/pages"}],"about":[{"href":"https:\/\/www.contraloria.gob.pa\/observatorio-economico\/index.php\/wp-json\/wp\/v2\/types\/page"}],"author":[{"embeddable":true,"href":"https:\/\/www.contraloria.gob.pa\/observatorio-economico\/index.php\/wp-json\/wp\/v2\/users\/1"}],"replies":[{"embeddable":true,"href":"https:\/\/www.contraloria.gob.pa\/observatorio-economico\/index.php\/wp-json\/wp\/v2\/comments?post=1588"}],"version-history":[{"count":264,"href":"https:\/\/www.contraloria.gob.pa\/observatorio-economico\/index.php\/wp-json\/wp\/v2\/pages\/1588\/revisions"}],"predecessor-version":[{"id":6733,"href":"https:\/\/www.contraloria.gob.pa\/observatorio-economico\/index.php\/wp-json\/wp\/v2\/pages\/1588\/revisions\/6733"}],"wp:attachment":[{"href":"https:\/\/www.contraloria.gob.pa\/observatorio-economico\/index.php\/wp-json\/wp\/v2\/media?parent=1588"}],"curies":[{"name":"wp","href":"https:\/\/api.w.org\/{rel}","templated":true}]}}